{"id":2,"date":"2011-04-16T14:54:21","date_gmt":"2011-04-16T14:54:21","guid":{"rendered":"http:\/\/kanzlei.kuessner.org\/?page_id=2"},"modified":"2021-11-09T10:31:47","modified_gmt":"2021-11-09T10:31:47","slug":"beispiel-seite","status":"publish","type":"page","link":"https:\/\/kanzlei.kuessner.org\/?page_id=2","title":{"rendered":"Werdegang"},"content":{"rendered":"<p>Ich bin in Berlin aufgewachsen und habe mein Abitur an einem Gymnasium in Berlin-Tempelhof absolviert.<\/p>\n<p>Im Jahr 2004 beendete ich mein Studium der Rechtswissenschaften an der Freien Universit\u00e4t Berlin mit dem ersten Staatsexamen und erwarb den Titel Diplom-Juristin. Seit 2001 verfolgte ich dabei das Rechtsgebiet Arbeitsrecht mit besonderem Interesse. Anschlie\u00dfend nutzte ich die Wartezeit auf das Referendariat, um den Beruf des Rechtsanwalts etwas besser kennenzulernen und begleitete einen Kollegen bei seiner t\u00e4glichen Arbeit. Hierbei entdeckte ich mein Interesse f\u00fcr das Reiserecht.<\/p>\n<p>Das Referendariat absolvierte ich in Brandenburg und in Berlin und beendete es mit&nbsp;dem Zweiten Staatsexamen (Assessorexamen)&nbsp;im Jahr 2007 erfolgreich. Im Anschluss erwarb ich die Zulassung&nbsp;zur Rechtsanw\u00e4ltin bei der Rechtsanwaltskammer Berlin.<\/p>\n<p>Im Jahr 2011 absolvierte ich den Fachanwaltslehrgang f\u00fcr Arbeitsrecht mit Erfolg.<\/p>\n<p>Neben der&nbsp;T\u00e4tigkeit als Anw\u00e4ltin&nbsp;bin ich als Dozentin und Referentin&nbsp;f\u00fcr Arbeitsrecht bei verschiedenen Bildungstr\u00e4gern t\u00e4tig.<\/p>\n<p>Ich bin Mitglied im Berliner Anwaltsverein und im Deutschen Anwaltsverein sowie bei der Selbsthilfe der Rechtsanw\u00e4lte.<\/p>\n","protected":false},"excerpt":{"rendered":"<p>Ich bin in Berlin aufgewachsen und habe mein Abitur an einem Gymnasium in Berlin-Tempelhof absolviert. Im Jahr 2004 beendete ich mein Studium der Rechtswissenschaften an der Freien Universit\u00e4t Berlin mit dem ersten Staatsexamen und erwarb den Titel Diplom-Juristin. Seit 2001 &hellip; <a href=\"https:\/\/kanzlei.kuessner.org\/?page_id=2\">Weiterlesen <span class=\"meta-nav\">&rarr;<\/span><\/a><\/p>\n","protected":false},"author":1,"featured_media":0,"parent":0,"menu_order":3,"comment_status":"closed","ping_status":"open","template":"","meta":{"footnotes":""},"_links":{"self":[{"href":"https:\/\/kanzlei.kuessner.org\/index.php?rest_route=\/wp\/v2\/pages\/2"}],"collection":[{"href":"https:\/\/kanzlei.kuessner.org\/index.php?rest_route=\/wp\/v2\/pages"}],"about":[{"href":"https:\/\/kanzlei.kuessner.org\/index.php?rest_route=\/wp\/v2\/types\/page"}],"author":[{"embeddable":true,"href":"https:\/\/kanzlei.kuessner.org\/index.php?rest_route=\/wp\/v2\/users\/1"}],"replies":[{"embeddable":true,"href":"https:\/\/kanzlei.kuessner.org\/index.php?rest_route=%2Fwp%2Fv2%2Fcomments&post=2"}],"version-history":[{"count":9,"href":"https:\/\/kanzlei.kuessner.org\/index.php?rest_route=\/wp\/v2\/pages\/2\/revisions"}],"predecessor-version":[{"id":191,"href":"https:\/\/kanzlei.kuessner.org\/index.php?rest_route=\/wp\/v2\/pages\/2\/revisions\/191"}],"wp:attachment":[{"href":"https:\/\/kanzlei.kuessner.org\/index.php?rest_route=%2Fwp%2Fv2%2Fmedia&parent=2"}],"curies":[{"name":"wp","href":"https:\/\/api.w.org\/{rel}","templated":true}]}}